uppose -2*a + 2 = 4*z, 5*z - 6*a + 3 = -3*a. Suppose 5*u - 8*u + 282 = z. List the prime factors of u.
2, 47
Let p = 4 - 3. Let h(i) = -5 - 9*i + 0 + 1 - p. What are the prime factors of h(-4)?
31
Let c(z) = -z + 1. Let a be c(-3). Suppose 3*w - 3*r + 47 = 248, 0 = 4*w + a*r - 236. List the prime factors of w.
3, 7
Let v be (-7)/(-2)*122 - (0 - 1). Let b = v + -165. What are the prime factors of b?
263
List the prime factors of (10/(-15) + (-14)/(-12))*122.
61
List the prime factors of 7879/10 + -2*8/(-160).
2, 197
What are the prime factors of 48*16 - (10 - 15)?
773
Let q(m) = -2*m**3 - 3*m**2 - 25*m + 4. Let p(g) = -3*g**3 - 2*g**2 - 26*g + 3. Let i(f) = -3*p(f) + 4*q(f). What are the prime factors of i(10)?
11, 17
Let h(o) = -o**3 - 10*o**2 - 21*o + 12. Let q be h(-9). Suppose 7*y = -3*y + q. What are the prime factors of y?
2, 3
Suppose -14 = 2*q + 6. Let x be (-75)/q*(-4)/2. Let m(y) = -y**3 - 14*y**2 + 14*y + 13. List the prime factors of m(x).
2, 7
Suppose 0 = -4*u + 12 - 4. Suppose -69 = -5*x + u*x. Suppose -45 - x = -l. What are the prime factors of l?
2, 17
Let l be -5*1*(4 + (-39)/1). Suppose m + 3*j = l, -6*m + 3*m + 555 = -j. What are the prime factors of m?
2, 23
Let s = 239 + 13. What are the prime factors of s?
2, 3, 7
What are the prime factors of (-1 + (10 - 10))/(1/(-508))?
2, 127
What are the prime factors of (-1605)/(-13) + 606/(-1313)?
3, 41
Let r = -2149 + 4380. List the prime factors of r.
23, 97
Let k(d) = -2*d - 28. Let h(l) = -1. Let u(a) = 5*h(a) - k(a). What are the prime factors of u(10)?
43
Let x(f) = 5 + 2*f + 3*f**2 - 1 + 2 - 5*f. List the prime factors of x(-5).
2, 3
Let j(z) = 3 - 5 - 2 - 2*z + 2. Let m be j(-2). Suppose -3*q + 33 = 2*b, m = 4*b - 2*q - 24. What are the prime factors of b?
3
Suppose 0 = -4*v - v. Suppose -2*h = -5*l - 5*h + 26, -l + h + 2 = v. Suppose 22 = l*c - 70. What are the prime factors of c?
23
Let p be 63/2*(-192)/(-56). Let b = p + -59. What are the prime factors of b?
7
Let w(o) = -o**3 + 2*o**2 + 2*o + 3. Let n be w(3). Suppose -10*h + 9*h - 3 = n. List the prime factors of (1/h)/(1/(-102)).
2, 17
Let m(w) = w + 3. What are the prime factors of m(0)?
3
Suppose 1569 + 1216 = 5*a. Suppose 3*z - 646 = -5*j, 4*j - 4*z - a = -21. What are the prime factors of j?
131
Let b(v) = 5*v**3 - 2*v - 1. Let j be b(-1). Let h be (-3)/(-12) - 107/j. Suppose 2*l - 3*o = -l + 27, -3*l = -4*o - h. List the prime factors of l.
3
Let i(k) = -k**2 - 3*k - 4. Suppose f - 15 = -4*f. Let s be i(f). Let d = s + 31. What are the prime factors of d?
3
Let q(k) = 24*k**2 - 21*k + 31. What are the prime factors of q(12)?
5, 647
Let b = -1718 + 3478. List the prime factors of b.
2, 5, 11
Let h be 6*(-2 + (22 - 3)). Let b = h + -174. List the prime factors of ((-1)/(-2))/((-4)/b).
3
Let r = 2314 + -1360. What are the prime factors of r?
2, 3, 53
Let k(v) = v**3 - v**2 - 5*v + 2. Let p be k(3). Let h be 1 - ((6 - 3) + -2). Let t = p + h. What are the prime factors of t?
5
Suppose 24*b + 7920 = 27*b. Suppose 0 = -18*a + 2*a + b. What are the prime factors of a?
3, 5, 11
Let h be 3 + (-3)/(-3) + 1. Suppose 3*b = t + 58, 4*b + 2*t - 84 = -0*b. Suppose h*f + 12 = 4*a - 50, -a = f - b. List the prime factors of a.
2, 3
Suppose -108 - 361 = -7*s. What are the prime factors of s?
67
Let q(c) = 13*c**2 - c - 6. Let m be q(-2). Suppose 6*o - m = 3*o - 3*b, o - 4*b = 1. What are the prime factors of o?
13
Let x be (-2)/(-8)*-2*-4. What are the prime factors of (x/(-5))/(17/(-85))?
2
Suppose 0 = 11*x - 9*x - 6. Suppose -47 = -x*n + 76. List the prime factors of n.
41
Suppose -1 = -3*s + 2*s. Let a(w) = -s + 2*w - 3*w + 4*w**2 + w. What are the prime factors of a(-3)?
5, 7
Let r(w) = -2*w + 60. Let d be r(0). Suppose 0 = -5*s + d + 45. List the prime factors of s.
3, 7
Let c = 4553 + -2368. What are the prime factors of c?
5, 19, 23
Let p = -68 - -64. What are the prime factors of -2 - (-328)/(p + 8)?
2, 5
Let c be 18/10 - 1/(-5). Let y(n) = 18*n**c - 19*n**2 - 10*n - 4 + 10. List the prime factors of y(-9).
3, 5
Let c(n) = -2*n**3 + 7*n**2 + 9. Let b be c(5). Let d = b - -170. List the prime factors of d.
2, 13
Let r be -2 - 121/(-7) - (-40)/(-140). Let p = r + 103. List the prime factors of p.
2, 59
Let v = -92 - -574. What are the prime factors of v?
2, 241
Suppose -4*q - 536 - 38 = -2*b, b + 2*q - 271 = 0. What are the prime factors of b?
3, 31
Let s(l) = -3*l**2 - 21*l + 8. Let f(p) = -p**2 - 10*p + 4. Let r(c) = 7*f(c) - 3*s(c). What are the prime factors of r(5)?
19
Suppose 7*n - 24208 = -n. What are the prime factors of n?
2, 17, 89
Let k = 14 - 9. Suppose k*x - 17*x = -1140. List the prime factors of x.
5, 19
Suppose -14*t = 22*t - 139104. List the prime factors of t.
2, 3, 7, 23
Let s = -937 + 1638. List the prime factors of s.
701
Let l = 240 + 150. List the prime factors of l.
2, 3, 5, 13
Suppose -2*s = -28 + 4. Let j = 16 - s. Suppose 0 = -3*c + 2*a + 101, -79 = 5*c - j*a - 250. What are the prime factors of c?
31
Suppose 161*m - 169*m = -4648. List the prime factors of m.
7, 83
Let j(x) = x**3 - 14*x**2 - x + 16. Let c be j(14). Suppose -85 = k - 2*k + 3*n, -c*k + 165 = -5*n. What are the prime factors of k?
2, 5, 7
Let s(y) = -y**3 + 8*y**2 - y + 10. Let k be s(8). Suppose -k*g + 229 = -27. What are the prime factors of g?
2
Suppose -x = 4*p + 339, 0 = -5*p + 5*x + 53 - 508. Let j = p - -129. List the prime factors of j.
43
Let q(p) = p**3 - 25*p**2 + 29*p - 17. Let a be q(23). List the prime factors of 4197/17 + (-48)/a.
13, 19
Let l(w) = 24*w**2. Let q be l(-1). Suppose 3*o - q = 63. What are the prime factors of o?
29
Suppose 2*m + 5*s = 124, -2*m - 5*s = 3*m - 310. List the prime factors of 4*1 + 5 + m.
71
Let w(h) = 134*h**2 + 2*h + 4. Let q be w(-2). Suppose 2*s - 6*s = -4*i - q, 5*s - i - 670 = 0. What are the prime factors of s?
2, 67
Let g = 38 + 48. Let s = g + -38. What are the prime factors of s?
2, 3
Let c be -256*(3 - (-4 - -5)). Let h = -177 - c. List the prime factors of h.
5, 67
Suppose -y - b = -2279, 0*y - 11371 = -5*y + 3*b. List the prime factors of y.
2, 569
Suppose 4*o - 4*y - 60 = 0, -3*y + 15 = o - 2*y. Let d(r) = -r**2 + 5*r + 5. Let k be d(6). Let h = o + k. What are the prime factors of h?
2, 7
Let m(y) = 147*y**2 + y - 11. What are the prime factors of m(-4)?
3, 19, 41
Let y(i) = -4*i - 4. Suppose 11 + 26 = -4*d - 5*f, 2*d - 19 = 5*f. Let q be y(d). Let p(z) = -z**2 + 11*z - 6. List the prime factors of p(q).
2, 3
Let u be (-1 - -3) + 3 + -6 - 2. Let p(w) = -30*w + 25. What are the prime factors of p(u)?
5, 23
Suppose 0 = -2*s - 2*i + 879 + 2205, -5*s + 4*i = -7692. What are the prime factors of s?
2, 5, 7, 11
Let b(g) = g**3 - g**2 - g + 4. Let c be b(0). Suppose 0 = c*r - 18 - 2. Suppose 76 = r*t - t. What are the prime factors of t?
19
Let q = -9 - -6. Let d(s) = -2*s**2 + s. Let l(i) = 2*i**2 + 4*i + 1. Let z(h) = -3*d(h) + l(h). List the prime factors of z(q).
2, 5, 7
Let a(f) = 76*f**2 + 26*f - 4. List the prime factors of a(3).
2, 379
Let m = -953 - -1758. List the prime factors of m.
5, 7, 23
Let i = -2917 + 4527. List the prime factors of i.
2, 5, 7, 23
Let d(h) = -2*h - 1. Let a be d(-7). Suppose -4*l + a = -7. Suppose l*y = y + 116. What are the prime factors of y?
29
Let z be (-4)/((-56)/878) + 18/63. Suppose z*x = 66*x - 108. What are the prime factors of x?
2, 3
Let i(s) = -2*s**3 - s**2 + 4*s + 1. Suppose 10*r - 30 = 7*r. Suppose -2*t = 4*p - r, p + p = 8. What are the prime factors of i(t)?
2, 17
Let v be (-10)/6 + (-16)/12. List the prime factors of ((-18)/(-10))/(v/(-30)).
2, 3
Suppose 2*r = -5*x + 80, -2*x + 191 = 4*r + 63. List the prime factors of r/90 - 3/((-9)/494).
3, 5, 11
Let b = -76 - -110. Suppose -5*p + 207 = -3*k, -4*p - b + 205 = 3*k. What are the prime factors of p?
2, 3, 7
Suppose -44*v = -15935 - 27537. List the prime factors of v.
2, 13, 19
Suppose -3*z + 2800 = 4*z. What are the prime factors of z?
2, 5
Suppose -4*x + 3 + 1 = 0. List the prime factors of (1575/(-60))/(x/(-4)).
3, 5, 7
Suppose -4*j - j = 2*k - 1385, 25 = -5*k. What are the prime factors of j?
3, 31
Let r(v) be the first derivative of -11*v**2/2 - 16*v - 35. List the prime factors of r(-11).
3, 5, 7
Suppose -2*p = -3*p + 86. Let i = 275 - p. List the prime factors of i.
3, 7
Le